f**2 - 31*f - 59. Give l(17).
-8
Let b(g) = 1025*g - 188592. Give b(184).
8
Let n(u) = u**2 + 50*u - 1156. Give n(-67).
-17
Let w(d) = 5*d**3 + 4*d**2 - 13*d - 1. What is w(-5)?
-461
Let b(g) = g**3 + 58*g**2 + 107*g - 276. What is b(-56)?
4
Let j(f) = -f**2 - 42*f - 149. Calculate j(-5).
36
Let m(j) = j**2 - 183*j - 2344. What is m(-12)?
-4
Let p(x) = -x**2 + 95*x + 1052. Calculate p(-10).
2
Let b(i) = -i**3 + 3*i**2 + i - 9. Give b(4).
-21
Let w(c) = -c**3 + 8*c**2 + 10*c - 14. Give w(-6).
430
Let m(b) = -173*b - 12466. What is m(-72)?
-10
Let b(o) = -o**2 - 180*o - 3026. What is b(-19)?
33
Let o(i) = 19*i + 1090. Calculate o(-59).
-31
Let y(h) = -h**3 - 68*h**2 + 955*h - 406. Calculate y(-80).
-6
Let s(l) = -2*l**3 + 32*l**2 - 53*l - 32. Give s(14).
10
Let a(j) = 12970*j + 90795. Determine a(-7).
5
Let u(w) = w**2 - 5*w - 266. Determine u(-15).
34
Let b(o) = -6*o**2 + 34*o + 12. What is b(6)?
0
Let n(o) = 13*o - 445. Calculate n(30).
-55
Let v(u) = -u**2 - 12*u - 37. Calculate v(-16).
-101
Let t(z) = -72*z**3 - 2*z**2 + 11*z - 10. Determine t(1).
-73
Let g(h) = -h**3 - 18*h**2 + 50*h + 86. Give g(-21).
359
Let m(z) = 165*z + 566. Calculate m(-5).
-259
Let k(w) = -w**3 + 35*w**2 - 39*w + 314. Calculate k(34).
144
Let y(w) = -w**3 - 22*w**2 - 57*w - 22. Determine y(-16).
-646
Let l(y) = 2882*y + 20168. What is l(-7)?
-6
Let b(u) = 6*u**2 - 484. Determine b(-9).
2
Let m(w) = -2*w**2 + 96*w - 898. What is m(35)?
12
Let t(h) = 3*h**2 - 15*h + 158. Determine t(8).
230
Let p(b) = 2*b**3 + 11*b**2 + 12*b - 6. What is p(-2)?
-2
Let g(b) = -1508*b - 4516. What is g(-3)?
8
Let i(y) = -y**2 + 15*y - 39. Calculate i(12).
-3
Let w(d) = -27*d**3 - 50*d**2 + 3*d + 5. What is w(-2)?
15
Let q(f) = f**3 - 18*f**2 - 31*f - 8. Calculate q(20).
172
Let b(g) = 2*g**2 + 257*g - 4453. Calculate b(-144).
11
Let n(a) = a**2 - 352*a + 29872. What is n(143)?
-15
Let l(p) = -7*p**3 + 25*p**2 + 21. Calculate l(4).
-27
Let a(w) = -479*w - 5594. Calculate a(-11).
-325
Let n(v) = v**3 - 7*v**2 - 330*v + 14. Determine n(-15).
14
Let x(g) = g**3 - 18*g**2 + 8*g - 33. Determine x(18).
111
Let g(u) = -2*u**3 - 39*u**2 - 25*u - 38. What is g(-19)?
76
Let x(m) = m**3 + 7*m**2 + 6*m - 10. What is x(-5)?
10
Let a(i) = -i**3 - 19*i**2 + 36*i + 731. Calculate a(-19).
47
Let m(b) = -b**2 - 75*b + 2144. Give m(22).
10
Let l(g) = -30*g - 282. What is l(-9)?
-12
Let x(u) = 32*u**2 + 1116*u - 12. Give x(-35).
128
Let k(o) = 9*o + 186. Determine k(-7).
123
Let a(z) = -z**2 - 110*z - 2607. Give a(-53).
414
Let w(r) = -79*r - 2125. Give w(-31).
324
Let k(r) = 3*r**2 + 3*r - 27. Determine k(6).
99
Let q(w) = 82*w**3 + 2*w**2 - 16*w - 16. Give q(-1).
-80
Let p(a) = -a**3 + 19*a**2 - 74*a + 12. Give p(5).
-8
Let q(s) = -9*s**2 - 31*s + 33. Calculate q(1).
-7
Let b(o) = -2*o**3 - 160*o**2 - o - 82. Determine b(-80).
-2
Let v(p) = 34*p - 307. What is v(9)?
-1
Let o(g) = -g**3 + 92*g**2 + 1019*g + 15. What is o(-10)?
25
Let j(o) = 14*o - 23. Calculate j(-5).
-93
Let y(w) = -3*w**2 - 18*w - 19. Give y(-1).
-4
Let r(p) = -2*p**2 + 7*p + 113. What is r(-8)?
-71
Let a(u) = 2*u**3 - 103*u**2 - 56*u + 235. What is a(52)?
27
Let l(w) = w**3 - 20*w**2 - 183*w + 167. Give l(27).
329
Let d(n) = n**3 + 37*n**2 - 69*n + 103. Calculate d(-39).
-248
Let s(z) = 482*z + 7756. Determine s(-16).
44
Let x(o) = -o**3 + 22*o**2 - 96*o + 99. Give x(17).
-88
Let d(p) = 94*p + 579. What is d(-6)?
15
Let p(b) = -586*b + 2271. Calculate p(4).
-73
Let u(k) = k**3 - 3*k**2 - 69*k - 3. Determine u(10).
7
Let u(m) = -m**2 + 19*m - 77. Give u(8).
11
Let u(n) = n**2 - 60*n + 310. Determine u(6).
-14
Let s(k) = -438*k - 14974. Determine s(-34).
-82
Let v(s) = 5*s**3 + 392*s**2 - 238*s - 95. What is v(-79)?
-16
Let l(z) = -108*z - 2163. Give l(-20).
-3
Let d(b) = 3*b**3 + 41*b**2 + 23. Determine d(-14).
-173
Let c(t) = -4*t + 10. Determine c(4).
-6
Let t(d) = d**3 - 7*d**2 - 12*d + 9. Determine t(6).
-99
Let n(h) = -72*h - 1866. What is n(-26)?
6
Let z(r) = r**3 - 2*r**2 - 55*r - 62. Give z(9).
10
Let t(k) = -16*k**2 - 12*k + 4. Give t(1).
-24
Let l(t) = t**2 - 59*t - 812. Give l(-11).
-42
Let t(h) = h**2 - 67*h + 1105. Calculate t(37).
-5
Let a(x) = -x**3 - 7*x**2 + 29*x - 37. Give a(-11).
128
Let a(o) = 57*o**3 + 3*o**2 + 88*o + 86. Calculate a(-1).
-56
Let r(s) = s**2 - 489*s - 6015. Give r(-12).
-3
Let b(a) = a**3 + 32*a**2 + 57*a - 88. Calculate b(-30).
2
Let m(x) = x**2 - 31*x - 872. Give m(56).
528
Let r(k) = k**3 - 10*k**2 + 318*k - 3198. Determine r(10).
-18
Let p(d) = -d**3 - d**2 - 13*d + 30. Calculate p(7).
-453
Let z(o) = -1581*o + 33190. Determine z(21).
-11
Let g(c) = -c**3 + 35*c**2 + 1862*c - 382. Give g(64).
2
Let b(l) = -4*l**2 - 74*l + 370. Determine b(5).
-100
Let z(g) = 2*g**3 - 19*g**2 + 171*g - 1798. Calculate z(10).
12
Let u(h) = 10*h - 95. Give u(9).
-5
Let p(c) = c**3 - 8*c**2 - 3*c + 2. Calculate p(8).
-22
Let d(u) = -235*u - 100817. Determine d(-429).
-2
Let t(w) = w**3 + 6*w**2 + 90*w + 341. Calculate t(-4).
13
Let q(v) = 2*v**3 + 512*v**2 + 4455*v + 70. Give q(-9).
-11
Let y(x) = -8565*x + 59957. What is y(7)?
2
Let k(x) = -176*x - 1094. Calculate k(-6).
-38
Let z(q) = q**2 - 277*q - 5120. Calculate z(-17).
-122
Let c(k) = -12*k**2 - 5*k - 2. Determine c(2).
-60
Let y(j) = -j**2 + 22*j + 563. Give y(35).
108
Let i(v) = -213*v - 1509. Determine i(-7).
-18
Let o(b) = -29*b + 51. Determine o(4).
-65
Let g(d) = 1302*d - 26042. What is g(20)?
-2
Let j(f) = -2*f**3 - 18*f**2 - 8*f + 45. Calculate j(-9).
117
Let a(u) = -3776*u - 135941. Determine a(-36).
-5
Let t(o) = 7*o + 32. Give t(6).
74
Let t(c) = 21*c + 190. What is t(-12)?
-62
Let y(n) = 71*n**2 - 926*n + 43. Calculate y(13).
4
Let y(z) = 163*z**3 + 1. Calculate y(-1).
-162
Let j(p) = -2*p**2 + 227*p + 586. Determine j(116).
6
Let z(y) = -2*y**2 + 22*y - 36. What is z(8)?
12
Let p(n) = -n**2 - 37*n + 104. What is p(-28)?
356
Let y(x) = 3*x**3 + 3*x**2 + 59*x + 189. Give y(-3).
-42
Let u(h) = -7*h**2 + 34*h + 56. Give u(13).
-685
Let x(q) = q**3 + 20*q**2 - 23*q + 313. Determine x(-22).
-149
Let q(h) = -2*h**2 - 290*h - 2945. Determine q(-134).
3
Let d(w) = -5*w**2 - 2*w + 81. Give d(11).
-546
Let b(j) = 13*j + 313. Give b(-26).
-25
Let g(b) = -b**2 + 97*b + 605. Calculate g(-6).
-13
Let s(f) = f**3 + 14*f**2 + 14*f + 4. Determine s(-13).
-9
Let q(u) = 3*u**2 - 28*u + 204. Determine q(8).
172
Let r(o) = 6*o**2 + 241*o + 1053. What is r(-5)?
-2
Let u(j) = -j**3 - 124*j**2 - 494*j - 47. Calculate u(-4).
9
Let h(t) = 4*t**3 - 15*t**2 - 27*t - 53. Give h(-2).
-91
Let b(r) = r**3 - 155*r**2 + 110*r + 6779. Determine b(154).
3
Let s(f) = 2*f + 57. Calculate s(0).
57
Let v(d) = 134*d - 16201. What is v(121)?
13
Let d(i) = i**3 - 46*i**2 + 165*i + 56. Determine d(42).
-70
Let p(y) = -y**2 - 16*y - 7. Determine p(-16).
-7
Let t(p) = -p**2 - 51*p - 269. Give t(-5).
-39
Let g(f) = -405*f - 1593. Calculate g(-4).
27
Let g(m) = -m**3 - 12*m**2 + 50*m + 94. What is g(-14)?
-214
Let c(s) = -244*s - 1010. What is c(-5)?
210
Let c(r) = r**3 - 81*r**2 + 300*r + 649. Give c(77).
33
Let m(n) = 39*n - 367. Determine m(6).
-133
Let v(j) = -53*j + 1119. Determine v(21).
6
Let o(a) = 8*a - 279. Calculate o(30).
-39
Let w(h) = 64*h - 705. Calculate w(13).
127
Let u(g) = -81*g**2 + 965*g + 28. Give u(12).
-56
Let u(s) = 16*s**2 - 130*s - 255. Determine u(-2).
69
Let t(v) = -17*v + 76. Calculate t(7).
-43
Let b(a) = 2*a**2 + 12*a - 27. What is b(-9)?
27
Let q(l) = l**3 - 5*l**2 + 10*l - 4. Calculate q(5).
46
Let i(j) = 17*j**2 + 148*j + 149. Calculate i(-1).
18
Let w(b) = -2*b - 107. Calculate w(-28).
-51
Let c(s) = -23*s**2 - 29*s + 58. Give c(2).
-92
Let w(x) = x**3 + 7*x**2 - x - 16. Determine w(2).
18
Let j(r) = -3*r**2 - 6*r - 24. Determine j(-4).
-48
Let z(w) = -146*w - 10789. Give z(-74).
15
Let j(v) = -665*v - 8637. Determine j(-13).
8
Let k(o) = -4*o**2 - 33*o - 4. Give k(-6).
50
Let l(v) = -v - 211. Give l(-22).
-189
Let j(b) = -b**2 - 235*b - 9107. Give j(-49).
7
Let s(j) = -13*j**2 + 176*j - 202. Calculate s(12).
38
Let l(q) = -q**2 + 126*q - 3001. Give l(94).
7
Let f(n) = 28*n + 125. Calculate f(-35).
-855
Let f(a) = -100*a - 638. Give f(-7).
62
Let a(v) = 24*v + 1009. Give a(-42).
1
Let o(d) = -d**3 + 17*d**2 + 5*d - 2. Give o(18).
-236
Let n(b) = 8*b**2 + 58